?
7
Let r(q) = 5*q**2 - 2*q - 16. Suppose x + 0 = 2, -x + 6 = l. What is the tens digit of r(l)?
5
Let i(p) = 55*p**3 - 10*p**2 - p - 19. What is the units digit of i(3)?
3
Let x = 58305 - 29030. What is the units digit of x?
5
Let y(m) = 1219*m**2 + 11*m - 39. What is the hundreds digit of y(3)?
9
Suppose -4*z = 2*c - 3310, 264*z - 265*z + 2*c = -830. What is the units digit of z?
8
Let c = 191541 + -115378. What is the ten thousands digit of c?
7
Let f = 1195 + -459. Let c = f + -481. What is the hundreds digit of c?
2
What is the tens digit of (340350/120)/((-15)/(-36))?
0
Let q be (-21)/(-14) + -2 + 151/2. Let r = q + 195. What is the tens digit of r?
7
Let b(k) = k**2 + 21*k + 45. Let h be b(-19). Suppose h*z = 3*z + 1204. What is the units digit of z?
1
Suppose u = -23 - 57. Let m be -2*u/(-48)*(-135)/2. Let y = m + -161. What is the tens digit of y?
6
What is the hundreds digit of (5232640/48)/(-35)*(-6)/4?
6
Let n be (2 - 0)*-1 - (-11 + 4). Suppose -5*u = -w - 2420, -1680 = -n*u - w + 740. What is the hundreds digit of u?
4
Suppose -21*b - 14460 = -6*b. Let l = -172 - b. Suppose -k - 3*k - 4*q + l = 0, 0 = 3*k - 3*q - 618. What is the tens digit of k?
0
Let z = -30 - -32. Let d be (-9)/(-6) - (z/(-4) - 1). Suppose -d*j + 258 + 78 = 0. What is the tens digit of j?
1
Let h(n) = -1 - 21*n + 1 - 5 - 3. Let c be (-2)/((-6)/(-15) - 0). What is the tens digit of h(c)?
9
Let d(a) = a**2 - 27*a + 99. Let g be d(4). Suppose 2140 = g*o - 5*o + 3*s, -o = -3*s - 1070. What is the units digit of o?
0
Suppose -98*b = -265*b + 633176 + 1541164. What is the tens digit of b?
2
Let u = -8 + 7. Let l = 266 + -231. What is the units digit of -3 + 205/u*(-14)/l?
9
Let m = 120 - 116. Suppose 900 = 6*h + m*h. What is the tens digit of h?
9
Suppose 3*t = -15, -4*t = 2*h - 9 + 37. Let j be (-3 - h)/((-4)/(-44)). Suppose -5*p + 1 = -2*d + 5*d, 3*d - 5*p = j. What is the units digit of d?
2
Suppose 116*c = -l + 115*c + 46075, -4*l + 4*c + 184364 = 0. What is the tens digit of l?
8
Suppose 60 = -4*w - 200. Let y be 2/(-5) - 8671/w. Let s = y + -50. What is the tens digit of s?
8
Suppose c - 2*k = 8, -4*k = -4*c + 17 + 7. Suppose -3*l = -9, -5*x - 5*l + 1273 = -c*l. What is the hundreds digit of x?
2
Suppose 0 = 5*q + 2*q. Suppose -2*c + 4*n + 12 = 0, -n = 3*c - q*n + 10. What is the tens digit of c/10 + (-121)/(-5)?
2
Let t = -11 + 11. Suppose -3*m - o = -6*o + 4, t = 5*o + 5. Let k = m + 13. What is the units digit of k?
0
Let x(r) = -r**3 - 34*r**2 - 3*r - 96. Let f be x(-34). Suppose -6 = b - 0. What is the units digit of (-3)/b*-3*(-584)/f?
6
Suppose -65 = 199*y - 204*y. Suppose 8*t + 995 = y*t. What is the hundreds digit of t?
1
Let g = 9285 + -9280. Suppose q - 518 = -4*o, 4*q - 2685 = -q - o. Suppose -g*m + q + 522 = 0. What is the tens digit of m?
1
Suppose 0 = 15*a + 3047 + 2113. What is the hundreds digit of -10*(-6)/(-15) - a?
3
What is the thousands digit of (3223/293)/(2/382)?
2
Suppose 3*n = 4*o + 440, -n + 87 = -3*o - 68. What is the hundreds digit of n*(-6 + 46/4)?
7
Let x be (-50)/8 - -6 - 11/4. Let b(f) = -f**3 - 8*f**2 - 5*f - 2. Let g be b(x). Let p = g - -34. What is the units digit of p?
2
Suppose 23*y = -71*y - 376. Let g(i) = i**2 + 3*i + 3. Let t be g(-3). What is the tens digit of (t/y - -1) + 606/8?
7
Suppose z = -21 - 0. Let y be z/(0 - 7) + -10*1. What is the units digit of (2/y)/(-1) + 1041/7?
9
What is the thousands digit of ((-7026)/21)/(((-171)/(-63))/(-19))?
2
Suppose 0 = -4*w - 4*q + 52, w - 3*q - 4 = -q. Suppose 4*b = w*b. Suppose b = 7*p + 273 - 805. What is the units digit of p?
6
Let s be 10/(5*6/15). Suppose -8*c = -s*c - 642. What is the hundreds digit of c?
2
Let p(t) be the second derivative of -t**4/12 + t**3/6 + 333*t**2/2 + 15*t. What is the tens digit of p(0)?
3
Suppose 2*a = 2*j - 76, -152 = -2*j - 2*j - 5*a. Suppose h - d = 885, -j*h + d = -34*h - 3555. What is the units digit of h?
0
Let j(k) = 4*k**3 + k**2 + 3*k - 5. Let g = -89 + 93. Let x be j(g). Suppose -x = -4*h + 117. What is the units digit of h?
9
Let v = 3046 - 1176. What is the hundreds digit of v?
8
Suppose -5*x - t - 3*t + 1130 = 0, 0 = 2*x + 3*t - 452. Suppose 3*d = w + 171, 3*d + 3*w + 67 = x. What is the tens digit of d?
5
Suppose 3*t - 98 = -4*t. Suppose 5*w - 8*w - t = p, 0 = 4*p + w + 12. What is the units digit of 12/8 - 1 - 63/p?
2
Let p(h) = 49*h**2 + 46*h - 282. Let i be p(7). Suppose 5*w + 5*d - 4060 = 0, -w - 2*d + i = 2*w. What is the units digit of w?
7
Let j(k) = 19*k**2 + 7*k - 137. What is the units digit of j(-16)?
5
Let r(z) = -z**3 - 25*z**2 + 42*z - 25. Suppose 0 = 46*n + 555 + 687. What is the hundreds digit of r(n)?
2
Let y(t) = -8*t**3 + 20*t**2 + 18*t - 8. Let j be y(-9). Suppose -10*w + 21*w - j = 0. What is the hundreds digit of w?
6
Let m = 4688 - -4115. What is the units digit of m?
3
Suppose -41 = -3*c + 4. Let m be (-6)/c - 2292/(-30). Let l = 10 + m. What is the units digit of l?
6
Suppose -4*u + 19 + 1 = 0. Suppose -3*b - 2*z + 1 = -6*b, -4*b = u*z + 32. What is the units digit of 1*b*18/(-54)?
1
Let d = 7612 + 1292. What is the thousands digit of d?
8
Suppose 5*y - 10 = -2*n, 4*n + 5*y - 20 = y. Let f be 2/n + 3/5. What is the tens digit of (f + 1)*1 + 68?
7
Let i(k) = 23*k - 37. Let h be i(7). Let x = 525 - h. What is the tens digit of x?
0
Suppose -3*g - j + 197 = 906, 0 = -4*g + 5*j - 977. Let x = g + 588. What is the units digit of x?
0
Let v = 61 - 97. What is the units digit of (2 + v/21)/((-2)/(-1022))?
6
Suppose 8*z + 81942 = 547686. What is the units digit of z?
8
Suppose n - 201 = -2*n. Let c = 76 - n. What is the tens digit of (c - -2)*(-3 + (-1 - -17))?
4
Let s(g) be the first derivative of 7*g**2 + 26*g - 111. What is the tens digit of s(25)?
7
Suppose 0 = -5*o - 73 - 7. Let g(h) = h**3 + 20*h**2 + 36*h - 5. What is the tens digit of g(o)?
4
Let x(r) = r + 1. Let o be x(-6). Let q(f) be the second derivative of -11*f**3/2 + 11*f**2/2 - 5*f - 116. What is the hundreds digit of q(o)?
1
Let g = 5118 - 1627. What is the units digit of g?
1
Let k be 33*((-1800)/27)/(-8). Let y = 687 - k. What is the tens digit of y?
1
Suppose 4*f - 9 = 7, 4*x - 620 = 2*f. Suppose 9*d - x = -697. Let b = d - -79. What is the tens digit of b?
1
Let q = 57488 + -7081. What is the hundreds digit of q?
4
Let b(v) = 3*v + 2. Let d be b(5). Suppose -d*o + 4048 = -9*o. What is the units digit of o?
6
Let i = -14834 - -43665. What is the ten thousands digit of i?
2
Let b = -5170 + 8925. Suppose 2*q + 4*y - 969 = 515, 0 = 5*q + y - b. What is the units digit of q?
2
Let f = 17737 - 11134. What is the units digit of f?
3
Let x = -820 + 526. What is the hundreds digit of 8/84 + (-42896)/x?
1
Let x(o) = 18*o**2 - 93*o - 933. What is the thousands digit of x(-9)?
1
Let d be (-527298)/(-7) + (-56)/196. Suppose 15994 = -31*p + d. What is the units digit of p?
4
Suppose -l + 31 = 2*r, r + 5*l - 3*l = 23. Suppose -r*h + 14855 + 6855 = 0. What is the units digit of h?
0
Suppose 94*n = 1817504 + 1698848. What is the tens digit of n?
0
What is the thousands digit of (602/56)/43 + (94542/8 - 2)?
1
Let c(i) = -2*i - 34. Let t be c(-19). Suppose t*d + 81 - 1 = 0. What is the tens digit of ((-37)/4)/(5/d)?
3
Let d(v) = 5*v**3 - 4*v**2 + 5*v. Let r be d(6). Suppose -5*j = 3*g - 707, -2*j + r = 2*g + 2*g. Suppose -g = 251*n - 255*n. What is the tens digit of n?
6
Let z(s) = -398*s - 679. What is the hundreds digit of z(-27)?
0
Let c(s) = -s + 35. Let v = 98 - 93. What is the units digit of c(v)?
0
Suppose f - 5322 = 2923. Suppose 88*q - 83*q = f. What is the hundreds digit of q?
6
Let a(j) = 5*j. Let v be a(-3). Suppose 3*g - 9 - 57 = -k, 2*g = 4. What is the units digit of 646/8 - v/k?
1
Let o(p) = p**2 - 5*p - 11. Let i be o(7). Suppose -i*y - 4*x = -154 - 343, -5*x - 673 = -4*y. What is the units digit of y?
7
Let t(k) = -18 + 141*k**2 + 2*k**3 - 113*k**2 - k**3 + 51*k. What is the units digit of t(-26)?
8
Let a = 149293 - 52601. What is the thousands digit of a?
6
Suppose -1125 = -9*k + 639. Let f = k + -129. Suppose 5*v - 243 = f. What is the tens digit of v?
6
Let s = -76 - -102. Suppose -7*j - s + 40 = 0. Suppose -3*q - 10 = j*q, -5*q + 740 = 5*d. What is the tens digit of d?
5
Suppose 6*w = 28 - 16. Let m(u) be the second derivative of u**4